{"id":63065,"date":"2025-09-01T11:11:48","date_gmt":"2025-09-01T09:11:48","guid":{"rendered":"https:\/\/ante.brussels\/?post_type=cpt_portfolio&#038;p=63065"},"modified":"2025-10-07T17:31:58","modified_gmt":"2025-10-07T15:31:58","slug":"07-loge-maconnique-les-amis-philanthropes","status":"publish","type":"cpt_portfolio","link":"https:\/\/www.ante.brussels\/nl\/portfolio\/07-loge-maconnique-les-amis-philanthropes\/","title":{"rendered":"07. Les Amis Philanthropes Vrijmetselaarsloge (VOLBOEKT)"},"content":{"rendered":"<p class=\"has-text-align-left\">In dit gebouw met de dubbele gevel, \u00e9\u00e9n in neoklassieke stijl, de andere in een moderne stijl, woonde in de tweede helft van de 19e eeuw de fotograaf Louis Gh\u00e9mar, \u00e9\u00e9n van de pioniers van de fotografie in Belgi\u00eb. In 1877 werd de woning omgevormd tot hoofdzetel van de invloedrijke vrijmetselaarsloge Les Amis Philanthropes, met notoire leden als Brussels burgemeester Karel Buls, ULB-stichter Pierre Th\u00e9odore Verhaeghen, Nobelprijswinnaar Henri La Fontaine en architect Victor Horta. De ruimtes van de loge, bestaande uit twee tempels in Egyptiserende stijl, werden ontworpen door de architect Adolphe Samyn, met hulp van de architecten E. Hendrickx en J. De Blois.<br>De rondleiding van deze editie van het ANTE Festival concentreert zich op de Grote Tempel, die intrigeert met zijn grote, veelkleurige muurschilderingen, zijn zuilen en decoraties in stucwerk en uiteraard zijn vele ma\u00e7onnieke symbolen.<\/p>\n\n\n\n<p class=\"has-text-align-left\"><\/p>\n\n\n\n<p>Arch. Adolphe SAMYN, 1877-1879<\/p>\n\n\n\n<h3 class=\"wp-block-heading\">12\/10\/2025<\/h3>\n\n\n\n<figure class=\"wp-block-table\"><table class=\"has-fixed-layout\"><tbody><tr><td>FR<\/td><td>10:30; 11:30; 14:00; 15:00; 16:00; 17:00<\/td><\/tr><tr><td>NL<\/td><td>10:00; 12:00; 15:30<\/td><\/tr><tr><td>EN<\/td><td>11:00; 14:30; 16:30<\/td><\/tr><\/tbody><\/table><\/figure>\n\n\n\n<h3 class=\"wp-block-heading\">INFO<\/h3>\n\n\n\n<figure class=\"wp-block-table\"><table class=\"has-fixed-layout\"><tbody><tr><td>Duur<\/td><td>45 minuten<\/td><\/tr><tr><td>PBM<\/td><td>\u2717<\/td><\/tr><tr><td>WC<\/td><td>\u2717<\/td><\/tr><tr><td>Foto's<\/td><td>\u2717<\/td><\/tr><\/tbody><\/table><\/figure>\n\n\n<div id=\"sc_googlemap_80924929_wrap\" class=\"sc_googlemap_wrap\"><div id=\"sc_googlemap_80924929\"\t\t\tclass=\"sc_item_content sc_map sc_googlemap sc_googlemap_default trx_addons_inline_842032868\"\n\t\t\t\t\t\tdata-zoom=\"16\"\n\t\t\tdata-center=\"\"\n\t\t\tdata-style=\"default\"\n\t\t\tdata-map-id=\"\"\n\t\t\tdata-cluster-icon=\"\"\n\t\t\t><iframe\n\t\t\t\t\t\tsrc=\"https:\/\/maps.google.com\/maps?t=m&#038;output=embed&#038;iwloc=near&#038;z=16&#038;q=Rue+du+Persil+6+-+1000+-+Bruxelles\"\n\t\t\t\t\t\taria-label=\"\"><\/iframe><\/div><\/div>","protected":false},"excerpt":{"rendered":"<p>Affichant deux fa\u00e7ades en d\u00e9crochement (l&#8217;une n\u00e9oclassique, l&#8217;autre moderne), ce b\u00e2timent fut habit\u00e9 dans la&hellip;<\/p>","protected":false},"author":2,"featured_media":64301,"template":"","cpt_portfolio_group":[321,319],"class_list":["post-63065","cpt_portfolio","type-cpt_portfolio","status-publish","has-post-thumbnail","hentry","cpt_portfolio_group-nouveaute","cpt_portfolio_group-weekend-1"],"_links":{"self":[{"href":"https:\/\/www.ante.brussels\/nl\/wp-json\/wp\/v2\/cpt_portfolio\/63065","targetHints":{"allow":["GET"]}}],"collection":[{"href":"https:\/\/www.ante.brussels\/nl\/wp-json\/wp\/v2\/cpt_portfolio"}],"about":[{"href":"https:\/\/www.ante.brussels\/nl\/wp-json\/wp\/v2\/types\/cpt_portfolio"}],"author":[{"embeddable":true,"href":"https:\/\/www.ante.brussels\/nl\/wp-json\/wp\/v2\/users\/2"}],"version-history":[{"count":0,"href":"https:\/\/www.ante.brussels\/nl\/wp-json\/wp\/v2\/cpt_portfolio\/63065\/revisions"}],"wp:featuredmedia":[{"embeddable":true,"href":"https:\/\/www.ante.brussels\/nl\/wp-json\/wp\/v2\/media\/64301"}],"wp:attachment":[{"href":"https:\/\/www.ante.brussels\/nl\/wp-json\/wp\/v2\/media?parent=63065"}],"wp:term":[{"taxonomy":"cpt_portfolio_group","embeddable":true,"href":"https:\/\/www.ante.brussels\/nl\/wp-json\/wp\/v2\/cpt_portfolio_group?post=63065"}],"curies":[{"name":"wp","href":"https:\/\/api.w.org\/{rel}","templated":true}]}}

<p class="has-text-align-left">In dit gebouw met de dubbele gevel, één in neoklassieke stijl, de andere in een moderne stijl, woonde in de tweede helft van de 19e eeuw de fotograaf Louis Ghémar, één van de pioniers van de fotografie in België. In 1877 werd de woning omgevormd tot hoofdzetel van de invloedrijke vrijmetselaarsloge Les Amis Philanthropes, met notoire leden als Brussels burgemeester Karel Buls, ULB-stichter Pierre Théodore Verhaeghen, Nobelprijswinnaar Henri La Fontaine en architect Victor Horta. De ruimtes van de loge, bestaande uit twee tempels in Egyptiserende stijl, werden ontworpen door de architect Adolphe Samyn, met hulp van de architecten E. Hendrickx en J. De Blois.<br>De rondleiding van deze editie van het ANTE Festival concentreert zich op de Grote Tempel, die intrigeert met zijn grote, veelkleurige muurschilderingen, zijn zuilen en decoraties in stucwerk en uiteraard zijn vele maçonnieke symbolen.</p>



<p class="has-text-align-left"></p>



<p>Arch. Adolphe SAMYN, 1877-1879</p>



<h3 class="wp-block-heading">12/10/2025</h3>



<figure class="wp-block-table"><table class="has-fixed-layout"><tbody><tr><td>FR</td><td>10:30; 11:30; 14:00; 15:00; 16:00; 17:00</td></tr><tr><td>NL</td><td>10:00; 12:00; 15:30</td></tr><tr><td>EN</td><td>11:00; 14:30; 16:30</td></tr></tbody></table></figure>



<h3 class="wp-block-heading">INFO</h3>



<figure class="wp-block-table"><table class="has-fixed-layout"><tbody><tr><td>Duur</td><td>45 minuten</td></tr><tr><td>PBM</td><td>✗</td></tr><tr><td>WC</td><td>✗</td></tr><tr><td>Foto's</td><td>✗</td></tr></tbody></table></figure>


<div id="sc_googlemap_80924929_wrap" class="sc_googlemap_wrap"><div id="sc_googlemap_80924929"			class="sc_item_content sc_map sc_googlemap sc_googlemap_default trx_addons_inline_842032868"
						data-zoom="16"
			data-center=""
			data-style="default"
			data-map-id=""
			data-cluster-icon=""
			><iframe
						src="https://maps.google.com/maps?t=m&#038;output=embed&#038;iwloc=near&#038;z=16&#038;q=Rue+du+Persil+6+-+1000+-+Bruxelles"
						aria-label=""></iframe></div></div>

<p>Affichant deux façades en décrochement (l&#8217;une néoclassique, l&#8217;autre moderne), ce bâtiment fut habité dans la&hellip;</p>
