{"id":63028,"date":"2025-08-29T17:02:41","date_gmt":"2025-08-29T15:02:41","guid":{"rendered":"https:\/\/ante.brussels\/?post_type=cpt_portfolio&#038;p=63028"},"modified":"2025-09-04T15:22:11","modified_gmt":"2025-09-04T13:22:11","slug":"05-ancienne-banque-credit-du-nord-belge-belga-queen","status":"publish","type":"cpt_portfolio","link":"https:\/\/www.ante.brussels\/nl\/portfolio\/05-ancienne-banque-credit-du-nord-belge-belga-queen\/","title":{"rendered":"05. Ancienne Banque Cr\u00e9dit du Nord Belge [Belga Queen]"},"content":{"rendered":"<p>Achter \u00e9\u00e9n van de zeldzame 18e-eeuwse rococogevels in het Brussels Gewest gaat een gebouw met een bijzonder rijke geschiedenis schuil. Het oorspronkelijke herenhuis werd al in de 19e eeuw omgebouwd tot het reizigershotel H\u00f4tel de la Poste, om dan nog later, aan het begin van de 20e eeuw, te worden omgevormd tot het bankgebouw van de bank Cr\u00e9dit du Nord Belge - toen \u00e9\u00e9n van de vele financi\u00eble instellingen in de wijk. Nog later kreeg het gebouw een herbestemming als stijlvolle brasserie, onder de naam Belga Queen, de naam die het etablissement ook vandaag de dag nog draagt. De trappen in empirestijl, de lokettenzaal in Beaux-Artsstijl met het spectaculaire glazen dak, en de ondergrondse kluisruimte die nog altijd tal van geheimen herbergt, zijn meer dan het ontdekken waard.<\/p>\n\n\n\n<p>Arch. Onbekend - J.-B. &amp; H. Maillard, 1740-1760; 1920-1921<\/p>\n\n\n\n<h3 class=\"wp-block-heading\">11\/10\/2025<\/h3>\n\n\n\n<figure class=\"wp-block-table\"><table class=\"has-fixed-layout\"><tbody><tr><td>FR<\/td><td>10:00; 11:00; 15:00; 16:00<\/td><\/tr><tr><td>NL<\/td><td>10:30; 15:30<\/td><\/tr><tr><td>EN<\/td><td>14:30; 16:30<\/td><\/tr><\/tbody><\/table><\/figure>\n\n\n\n<h3 class=\"wp-block-heading\">12\/10\/2025<\/h3>\n\n\n\n<figure class=\"wp-block-table\"><table class=\"has-fixed-layout\"><tbody><tr><td>FR<\/td><td>10:30; 14:30; 15:30; 16:30<\/td><\/tr><tr><td>NL<\/td><td>10:00; 15:00<\/td><\/tr><tr><td>EN<\/td><td>11:00; 16:00<\/td><\/tr><\/tbody><\/table><\/figure>\n\n\n\n<p style=\"border-radius:100px\"><\/p>\n\n\n\n<h3 class=\"wp-block-heading\">INFO<\/h3>\n\n\n\n<figure class=\"wp-block-table\"><table class=\"has-fixed-layout\"><tbody><tr><td>Duur<\/td><td>45 minuten<\/td><\/tr><tr><td>PBM<\/td><td>\u2717<\/td><\/tr><tr><td>WC<\/td><td>\u2713<\/td><\/tr><tr><td>Foto's<\/td><td>\u2713<\/td><\/tr><\/tbody><\/table><\/figure>\n\n\n<div id=\"sc_googlemap_454155605_wrap\" class=\"sc_googlemap_wrap\"><div id=\"sc_googlemap_454155605\"\t\t\tclass=\"sc_item_content sc_map sc_googlemap sc_googlemap_default trx_addons_inline_1829203432\"\n\t\t\t\t\t\tdata-zoom=\"16\"\n\t\t\tdata-center=\"\"\n\t\t\tdata-style=\"default\"\n\t\t\tdata-map-id=\"\"\n\t\t\tdata-cluster-icon=\"\"\n\t\t\t><iframe\n\t\t\t\t\t\tsrc=\"https:\/\/maps.google.com\/maps?t=m&#038;output=embed&#038;iwloc=near&#038;z=16&#038;q=Rue+du+Foss%C3%A9+aux+Loups+32+-+1000+-+Bruxelles\"\n\t\t\t\t\t\taria-label=\"\"><\/iframe><\/div><\/div>","protected":false},"excerpt":{"rendered":"<p>Derri\u00e8re l\u2019une des rares fa\u00e7ades rococo bruxelloises h\u00e9rit\u00e9es du XVIIIe se cache un ensemble \u00e0&hellip;<\/p>","protected":false},"author":2,"featured_media":63030,"template":"","cpt_portfolio_group":[321,319],"class_list":["post-63028","cpt_portfolio","type-cpt_portfolio","status-publish","has-post-thumbnail","hentry","cpt_portfolio_group-nouveaute","cpt_portfolio_group-weekend-1"],"_links":{"self":[{"href":"https:\/\/www.ante.brussels\/nl\/wp-json\/wp\/v2\/cpt_portfolio\/63028","targetHints":{"allow":["GET"]}}],"collection":[{"href":"https:\/\/www.ante.brussels\/nl\/wp-json\/wp\/v2\/cpt_portfolio"}],"about":[{"href":"https:\/\/www.ante.brussels\/nl\/wp-json\/wp\/v2\/types\/cpt_portfolio"}],"author":[{"embeddable":true,"href":"https:\/\/www.ante.brussels\/nl\/wp-json\/wp\/v2\/users\/2"}],"version-history":[{"count":0,"href":"https:\/\/www.ante.brussels\/nl\/wp-json\/wp\/v2\/cpt_portfolio\/63028\/revisions"}],"wp:featuredmedia":[{"embeddable":true,"href":"https:\/\/www.ante.brussels\/nl\/wp-json\/wp\/v2\/media\/63030"}],"wp:attachment":[{"href":"https:\/\/www.ante.brussels\/nl\/wp-json\/wp\/v2\/media?parent=63028"}],"wp:term":[{"taxonomy":"cpt_portfolio_group","embeddable":true,"href":"https:\/\/www.ante.brussels\/nl\/wp-json\/wp\/v2\/cpt_portfolio_group?post=63028"}],"curies":[{"name":"wp","href":"https:\/\/api.w.org\/{rel}","templated":true}]}}

05. Ancienne Banque Crédit du Nord Belge [Belga Queen]

<p>Achter één van de zeldzame 18e-eeuwse rococogevels in het Brussels Gewest gaat een gebouw met een bijzonder rijke geschiedenis schuil. Het oorspronkelijke herenhuis werd al in de 19e eeuw omgebouwd tot het reizigershotel Hôtel de la Poste, om dan nog later, aan het begin van de 20e eeuw, te worden omgevormd tot het bankgebouw van de bank Crédit du Nord Belge - toen één van de vele financiële instellingen in de wijk. Nog later kreeg het gebouw een herbestemming als stijlvolle brasserie, onder de naam Belga Queen, de naam die het etablissement ook vandaag de dag nog draagt. De trappen in empirestijl, de lokettenzaal in Beaux-Artsstijl met het spectaculaire glazen dak, en de ondergrondse kluisruimte die nog altijd tal van geheimen herbergt, zijn meer dan het ontdekken waard.</p>



<p>Arch. Onbekend - J.-B. &amp; H. Maillard, 1740-1760; 1920-1921</p>



<h3 class="wp-block-heading">11/10/2025</h3>



<figure class="wp-block-table"><table class="has-fixed-layout"><tbody><tr><td>FR</td><td>10:00; 11:00; 15:00; 16:00</td></tr><tr><td>NL</td><td>10:30; 15:30</td></tr><tr><td>EN</td><td>14:30; 16:30</td></tr></tbody></table></figure>



<h3 class="wp-block-heading">12/10/2025</h3>



<figure class="wp-block-table"><table class="has-fixed-layout"><tbody><tr><td>FR</td><td>10:30; 14:30; 15:30; 16:30</td></tr><tr><td>NL</td><td>10:00; 15:00</td></tr><tr><td>EN</td><td>11:00; 16:00</td></tr></tbody></table></figure>



<p style="border-radius:100px"></p>



<h3 class="wp-block-heading">INFO</h3>



<figure class="wp-block-table"><table class="has-fixed-layout"><tbody><tr><td>Duur</td><td>45 minuten</td></tr><tr><td>PBM</td><td>✗</td></tr><tr><td>WC</td><td>✓</td></tr><tr><td>Foto's</td><td>✓</td></tr></tbody></table></figure>


<div id="sc_googlemap_454155605_wrap" class="sc_googlemap_wrap"><div id="sc_googlemap_454155605"			class="sc_item_content sc_map sc_googlemap sc_googlemap_default trx_addons_inline_1829203432"
						data-zoom="16"
			data-center=""
			data-style="default"
			data-map-id=""
			data-cluster-icon=""
			><iframe
						src="https://maps.google.com/maps?t=m&#038;output=embed&#038;iwloc=near&#038;z=16&#038;q=Rue+du+Foss%C3%A9+aux+Loups+32+-+1000+-+Bruxelles"
						aria-label=""></iframe></div></div>

<p>Derrière l’une des rares façades rococo bruxelloises héritées du XVIIIe se cache un ensemble à&hellip;</p>
