{"id":63223,"date":"2025-09-01T15:06:29","date_gmt":"2025-09-01T13:06:29","guid":{"rendered":"https:\/\/ante.brussels\/?post_type=cpt_portfolio&#038;p=63223"},"modified":"2025-10-17T12:01:19","modified_gmt":"2025-10-17T10:01:19","slug":"22-chateau-tournay-solvay","status":"publish","type":"cpt_portfolio","link":"https:\/\/www.ante.brussels\/en\/portfolio\/22-chateau-tournay-solvay\/","title":{"rendered":"22. Tournay-Solvay Ch\u00e2teau"},"content":{"rendered":"<p>Nestled in the park of the same name, the Tournay-Solvay Ch\u00e2teau was built in 1880 by architects Constant Bosmans and Henri Vandeveld who designed several buildings for the Solvay dynasty throughout their careers. Commissioned by Alfred, the company director who would always remain somewhat in the shadow of his older brother Ernest, it was originally an imposing Neo-Renaissance country house and later acquired the status of Ch\u00e2teau through the addition of a double tower by the architect Jules Brunfaut in 1905. Devastated by a fire in 1982 and subsequently on the point of collapsing, the Ch\u00e2teau has undergone long and meticulous restoration work led by the ma2 architecture firm in full respect of the surrounding nature, a protected site designated Natura 2000.<\/p>\n\n\n\n<p>Arch. C. BOSMANS &amp; H. VANDEVELD, 1881<\/p>\n\n\n\n<p>Visitors on bicycles are asked to leave their bikes at the entrance to the park. Cycling is not permitted in the park, and there are no bicycle racks near the castle. Taking pictures is not allowed during the visit.<\/p>\n\n\n\n<h3 class=\"wp-block-heading\">18\/10\/2025<\/h3>\n\n\n\n<figure class=\"wp-block-table\"><table class=\"has-fixed-layout\"><tbody><tr><td>FR<\/td><td>10:30; 11:30; 14:00; 15:00; 16:00<\/td><\/tr><tr><td>NL<\/td><td>10:00; 12:00; 15:30<\/td><\/tr><tr><td>EN<\/td><td>11:00; 14:30<\/td><\/tr><\/tbody><\/table><\/figure>\n\n\n\n<h3 class=\"wp-block-heading\">19\/10\/2025<\/h3>\n\n\n\n<figure class=\"wp-block-table\"><table class=\"has-fixed-layout\"><tbody><tr><td>FR<\/td><td>10:00; 11:00; 12:00; 14:30; 15:30<\/td><\/tr><tr><td>NL<\/td><td>10:30; 14:00<\/td><\/tr><tr><td>EN<\/td><td>11:30; 15:00; 16:00<\/td><\/tr><\/tbody><\/table><\/figure>\n\n\n\n<h3 class=\"wp-block-heading\">Information<\/h3>\n\n\n\n<figure class=\"wp-block-table\"><table class=\"has-fixed-layout\"><tbody><tr><td>Duration<\/td><td>45 minutes<\/td><\/tr><tr><td>PRM<\/td><td>\u2717<\/td><\/tr><tr><td>WC<\/td><td>\u2717<\/td><\/tr><tr><td>Photos<\/td><td>\u2717<\/td><\/tr><\/tbody><\/table><\/figure>\n\n\n<div id=\"sc_googlemap_793606934_wrap\" class=\"sc_googlemap_wrap\"><div id=\"sc_googlemap_793606934\"\t\t\tclass=\"sc_item_content sc_map sc_googlemap sc_googlemap_default trx_addons_inline_62133390\"\n\t\t\t\t\t\tdata-zoom=\"16\"\n\t\t\tdata-center=\"\"\n\t\t\tdata-style=\"default\"\n\t\t\tdata-map-id=\"\"\n\t\t\tdata-cluster-icon=\"\"\n\t\t\t><iframe\n\t\t\t\t\t\tsrc=\"https:\/\/maps.google.com\/maps?t=m&#038;output=embed&#038;iwloc=near&#038;z=16&#038;q=Chauss%C3%A9e+de+La+Hulpe+203+-+1170+-+Watermael-Boitsfort\"\n\t\t\t\t\t\taria-label=\"\"><\/iframe><\/div><\/div>","protected":false},"excerpt":{"rendered":"<p>Nich\u00e9 dans le parc du m\u00eame nom, le ch\u00e2teau Tournay-Solvay fut \u00e9difi\u00e9 en 1880 par&hellip;<\/p>","protected":false},"author":2,"featured_media":64345,"template":"","cpt_portfolio_group":[321,320],"class_list":["post-63223","cpt_portfolio","type-cpt_portfolio","status-publish","has-post-thumbnail","hentry","cpt_portfolio_group-nouveaute","cpt_portfolio_group-weekend-2"],"_links":{"self":[{"href":"https:\/\/www.ante.brussels\/en\/wp-json\/wp\/v2\/cpt_portfolio\/63223","targetHints":{"allow":["GET"]}}],"collection":[{"href":"https:\/\/www.ante.brussels\/en\/wp-json\/wp\/v2\/cpt_portfolio"}],"about":[{"href":"https:\/\/www.ante.brussels\/en\/wp-json\/wp\/v2\/types\/cpt_portfolio"}],"author":[{"embeddable":true,"href":"https:\/\/www.ante.brussels\/en\/wp-json\/wp\/v2\/users\/2"}],"version-history":[{"count":0,"href":"https:\/\/www.ante.brussels\/en\/wp-json\/wp\/v2\/cpt_portfolio\/63223\/revisions"}],"wp:featuredmedia":[{"embeddable":true,"href":"https:\/\/www.ante.brussels\/en\/wp-json\/wp\/v2\/media\/64345"}],"wp:attachment":[{"href":"https:\/\/www.ante.brussels\/en\/wp-json\/wp\/v2\/media?parent=63223"}],"wp:term":[{"taxonomy":"cpt_portfolio_group","embeddable":true,"href":"https:\/\/www.ante.brussels\/en\/wp-json\/wp\/v2\/cpt_portfolio_group?post=63223"}],"curies":[{"name":"wp","href":"https:\/\/api.w.org\/{rel}","templated":true}]}}

22. Tournay-Solvay Château

<p>Nestled in the park of the same name, the Tournay-Solvay Château was built in 1880 by architects Constant Bosmans and Henri Vandeveld who designed several buildings for the Solvay dynasty throughout their careers. Commissioned by Alfred, the company director who would always remain somewhat in the shadow of his older brother Ernest, it was originally an imposing Neo-Renaissance country house and later acquired the status of Château through the addition of a double tower by the architect Jules Brunfaut in 1905. Devastated by a fire in 1982 and subsequently on the point of collapsing, the Château has undergone long and meticulous restoration work led by the ma2 architecture firm in full respect of the surrounding nature, a protected site designated Natura 2000.</p>



<p>Arch. C. BOSMANS &amp; H. VANDEVELD, 1881</p>



<p>Visitors on bicycles are asked to leave their bikes at the entrance to the park. Cycling is not permitted in the park, and there are no bicycle racks near the castle. Taking pictures is not allowed during the visit.</p>



<h3 class="wp-block-heading">18/10/2025</h3>



<figure class="wp-block-table"><table class="has-fixed-layout"><tbody><tr><td>FR</td><td>10:30; 11:30; 14:00; 15:00; 16:00</td></tr><tr><td>NL</td><td>10:00; 12:00; 15:30</td></tr><tr><td>EN</td><td>11:00; 14:30</td></tr></tbody></table></figure>



<h3 class="wp-block-heading">19/10/2025</h3>



<figure class="wp-block-table"><table class="has-fixed-layout"><tbody><tr><td>FR</td><td>10:00; 11:00; 12:00; 14:30; 15:30</td></tr><tr><td>NL</td><td>10:30; 14:00</td></tr><tr><td>EN</td><td>11:30; 15:00; 16:00</td></tr></tbody></table></figure>



<h3 class="wp-block-heading">Information</h3>



<figure class="wp-block-table"><table class="has-fixed-layout"><tbody><tr><td>Duration</td><td>45 minutes</td></tr><tr><td>PRM</td><td>✗</td></tr><tr><td>WC</td><td>✗</td></tr><tr><td>Photos</td><td>✗</td></tr></tbody></table></figure>


<div id="sc_googlemap_793606934_wrap" class="sc_googlemap_wrap"><div id="sc_googlemap_793606934"			class="sc_item_content sc_map sc_googlemap sc_googlemap_default trx_addons_inline_62133390"
						data-zoom="16"
			data-center=""
			data-style="default"
			data-map-id=""
			data-cluster-icon=""
			><iframe
						src="https://maps.google.com/maps?t=m&#038;output=embed&#038;iwloc=near&#038;z=16&#038;q=Chauss%C3%A9e+de+La+Hulpe+203+-+1170+-+Watermael-Boitsfort"
						aria-label=""></iframe></div></div>

<p>Niché dans le parc du même nom, le château Tournay-Solvay fut édifié en 1880 par&hellip;</p>
