{"id":62975,"date":"2025-08-29T15:40:02","date_gmt":"2025-08-29T13:40:02","guid":{"rendered":"https:\/\/ante.brussels\/?post_type=cpt_portfolio&#038;p=62975"},"modified":"2025-09-25T10:27:12","modified_gmt":"2025-09-25T08:27:12","slug":"03-hotel-campioni-balasse","status":"publish","type":"cpt_portfolio","link":"https:\/\/www.ante.brussels\/en\/portfolio\/03-hotel-campioni-balasse\/","title":{"rendered":"03. Campioni-Balasse House"},"content":{"rendered":"<p>The H\u00f4tel Campioni-Balasse was built around 1890 by architect Georges Dhaeyer for Justice of the Peace Charles Campioni-Balasse on the corner of Chauss\u00e9e d'Haecht and Rue de l'Est. Built just 3 years before the neighbouring Maison Autrique (Victor Horta's first house in Brussels), this Flemish neo-Renaissance mansion illustrates the attachment of a certain Brussels milieu to historical styles at the turn of the century. Its red brick fa\u00e7ade, with its corner loggette and stepped gables, combines neo-Gothic and Flemish neo-Renaissance elements. The interior of this private home has been listed since 2004, as it has preserved its original layout and remarkable decorative features (painted coffered ceilings, fireplaces, murals, stained glass windows, etc.), making this building a jewel of historicist architecture in Brussels.<\/p>\n\n\n\n<p>Georges DHAEYER archive, 1890<\/p>\n\n\n\n<h3 class=\"wp-block-heading\">11\/10\/2025<\/h3>\n\n\n\n<figure class=\"wp-block-table\"><table class=\"has-fixed-layout\"><tbody><tr><td>FR<\/td><td>10:30; 11:30; 14:00; 15:00; 16:00<\/td><\/tr><tr><td>NL<\/td><td>10:00; 12:00; 15:30<\/td><\/tr><tr><td>EN<\/td><td>11:00; 14:30<\/td><\/tr><\/tbody><\/table><\/figure>\n\n\n\n<h3 class=\"wp-block-heading\">12\/10\/2025<\/h3>\n\n\n\n<figure class=\"wp-block-table\"><table class=\"has-fixed-layout\"><tbody><tr><td>FR<\/td><td>10:00; 11:00; 12:00; 14:30; 15:30<\/td><\/tr><tr><td>NL<\/td><td>10:30; 14:00; 16:00<\/td><\/tr><tr><td>EN<\/td><td>11:30; 15:00<\/td><\/tr><\/tbody><\/table><\/figure>\n\n\n\n<h3 class=\"wp-block-heading\">Information<\/h3>\n\n\n\n<figure class=\"wp-block-table\"><table class=\"has-fixed-layout\"><tbody><tr><td>Duration<\/td><td>45 minutes<\/td><\/tr><tr><td>PRM<\/td><td>\u2717<\/td><\/tr><tr><td>WC<\/td><td>\u2717<\/td><\/tr><tr><td>Photos<\/td><td>\u2717<\/td><\/tr><tr><td>High heels permitted<\/td><td>No<\/td><\/tr><\/tbody><\/table><\/figure>\n\n\n<div id=\"sc_googlemap_1796856042_wrap\" class=\"sc_googlemap_wrap\"><div id=\"sc_googlemap_1796856042\"\t\t\tclass=\"sc_item_content sc_map sc_googlemap sc_googlemap_default trx_addons_inline_759377818\"\n\t\t\t\t\t\tdata-zoom=\"16\"\n\t\t\tdata-center=\"\"\n\t\t\tdata-style=\"default\"\n\t\t\tdata-map-id=\"\"\n\t\t\tdata-cluster-icon=\"\"\n\t\t\t><iframe\n\t\t\t\t\t\tsrc=\"https:\/\/maps.google.com\/maps?t=m&#038;output=embed&#038;iwloc=near&#038;z=16&#038;q=Rue+de+l%27Est+2-4+-+1030+-+Schaerbeek\"\n\t\t\t\t\t\taria-label=\"\"><\/iframe><\/div><\/div>","protected":false},"excerpt":{"rendered":"<p>L\u2019h\u00f4tel Campioni-Balasse fut \u00e9rig\u00e9 aux alentours de 1890 par l\u2019architecte Georges Dhaeyer pour le juge&hellip;<\/p>","protected":false},"author":2,"featured_media":63471,"template":"","cpt_portfolio_group":[319],"class_list":["post-62975","cpt_portfolio","type-cpt_portfolio","status-publish","has-post-thumbnail","hentry","cpt_portfolio_group-weekend-1"],"_links":{"self":[{"href":"https:\/\/www.ante.brussels\/en\/wp-json\/wp\/v2\/cpt_portfolio\/62975","targetHints":{"allow":["GET"]}}],"collection":[{"href":"https:\/\/www.ante.brussels\/en\/wp-json\/wp\/v2\/cpt_portfolio"}],"about":[{"href":"https:\/\/www.ante.brussels\/en\/wp-json\/wp\/v2\/types\/cpt_portfolio"}],"author":[{"embeddable":true,"href":"https:\/\/www.ante.brussels\/en\/wp-json\/wp\/v2\/users\/2"}],"version-history":[{"count":0,"href":"https:\/\/www.ante.brussels\/en\/wp-json\/wp\/v2\/cpt_portfolio\/62975\/revisions"}],"wp:featuredmedia":[{"embeddable":true,"href":"https:\/\/www.ante.brussels\/en\/wp-json\/wp\/v2\/media\/63471"}],"wp:attachment":[{"href":"https:\/\/www.ante.brussels\/en\/wp-json\/wp\/v2\/media?parent=62975"}],"wp:term":[{"taxonomy":"cpt_portfolio_group","embeddable":true,"href":"https:\/\/www.ante.brussels\/en\/wp-json\/wp\/v2\/cpt_portfolio_group?post=62975"}],"curies":[{"name":"wp","href":"https:\/\/api.w.org\/{rel}","templated":true}]}}

<p>The Hôtel Campioni-Balasse was built around 1890 by architect Georges Dhaeyer for Justice of the Peace Charles Campioni-Balasse on the corner of Chaussée d'Haecht and Rue de l'Est. Built just 3 years before the neighbouring Maison Autrique (Victor Horta's first house in Brussels), this Flemish neo-Renaissance mansion illustrates the attachment of a certain Brussels milieu to historical styles at the turn of the century. Its red brick façade, with its corner loggette and stepped gables, combines neo-Gothic and Flemish neo-Renaissance elements. The interior of this private home has been listed since 2004, as it has preserved its original layout and remarkable decorative features (painted coffered ceilings, fireplaces, murals, stained glass windows, etc.), making this building a jewel of historicist architecture in Brussels.</p>



<p>Georges DHAEYER archive, 1890</p>



<h3 class="wp-block-heading">11/10/2025</h3>



<figure class="wp-block-table"><table class="has-fixed-layout"><tbody><tr><td>FR</td><td>10:30; 11:30; 14:00; 15:00; 16:00</td></tr><tr><td>NL</td><td>10:00; 12:00; 15:30</td></tr><tr><td>EN</td><td>11:00; 14:30</td></tr></tbody></table></figure>



<h3 class="wp-block-heading">12/10/2025</h3>



<figure class="wp-block-table"><table class="has-fixed-layout"><tbody><tr><td>FR</td><td>10:00; 11:00; 12:00; 14:30; 15:30</td></tr><tr><td>NL</td><td>10:30; 14:00; 16:00</td></tr><tr><td>EN</td><td>11:30; 15:00</td></tr></tbody></table></figure>



<h3 class="wp-block-heading">Information</h3>



<figure class="wp-block-table"><table class="has-fixed-layout"><tbody><tr><td>Duration</td><td>45 minutes</td></tr><tr><td>PRM</td><td>✗</td></tr><tr><td>WC</td><td>✗</td></tr><tr><td>Photos</td><td>✗</td></tr><tr><td>High heels permitted</td><td>No</td></tr></tbody></table></figure>


<div id="sc_googlemap_1796856042_wrap" class="sc_googlemap_wrap"><div id="sc_googlemap_1796856042"			class="sc_item_content sc_map sc_googlemap sc_googlemap_default trx_addons_inline_759377818"
						data-zoom="16"
			data-center=""
			data-style="default"
			data-map-id=""
			data-cluster-icon=""
			><iframe
						src="https://maps.google.com/maps?t=m&#038;output=embed&#038;iwloc=near&#038;z=16&#038;q=Rue+de+l%27Est+2-4+-+1030+-+Schaerbeek"
						aria-label=""></iframe></div></div>

<p>L’hôtel Campioni-Balasse fut érigé aux alentours de 1890 par l’architecte Georges Dhaeyer pour le juge&hellip;</p>
